
False
Is 1043 a composite number?
True
Is 4751 a prime number?
True
Is 19811 a composite number?
True
Is 707 a prime number?
False
Is 122327 composite?
False
Is 32633 composite?
False
Is 3427 a prime number?
False
Is 182089 composite?
False
Is 515477 a composite number?
False
Is 22233 a composite number?
True
Is 80221 a composite number?
False
Is 2521353 a prime number?
False
Is 45179 a composite number?
False
Is 72003 a composite number?
True
Is 165829 a prime number?
True
Is 33103 prime?
False
Is 6911 composite?
False
Is 31973 composite?
False
Is 15151 a prime number?
False
Is 673979 composite?
False
Is 2317 composite?
True
Is 96803 a composite number?
True
Is 30769 a prime number?
False
Is 790619 prime?
False
Is 8331 a composite number?
True
Is 407633 a composite number?
False
Is 39533 composite?
True
Is 134637 a composite number?
True
Is 1499353 a prime number?
True
Is 8209 a prime number?
True
Is 1111 a prime number?
False
Is 67451 a composite number?
True
Is 361813 prime?
False
Is 175601 prime?
True
Is 321143 composite?
False
Is 1637 a composite number?
False
Is 511678 a prime number?
False
Is 331541 composite?
True
Is 56969 a prime number?
False
Is 12319 a prime number?
False
Is 673 a prime number?
True
Is 329811 a composite number?
True
Is 30467 composite?
False
Is 250571 a prime number?
False
Is 2403289 composite?
True
Is 4883 prime?
False
Is 30577 composite?
False
Is 13201 a prime number?
False
Is 3491 prime?
True
Is 1983689 a composite number?
False
Is 101999 a prime number?
True
Is 63053 composite?
True
Is 121591 prime?
True
Is 7846 a composite number?
True
Is 24439 composite?
False
Is 44989 a composite number?
True
Is 287669 prime?
True
Is 12863 composite?
True
Is 4283 prime?
True
Is 28807 composite?
False
Is 17621 prime?
False
Is 1696283 a composite number?
False
Is 26321 a composite number?
False
Is 123355 a composite number?
True
Is 70783 a composite number?
False
Is 129449 a composite number?
False
Is 12839 a composite number?
True
Is 751679 prime?
False
Is 3559 a composite number?
False
Is 95389 a composite number?
True
Is 6239 a composite number?
True
Is 106459 composite?
True
Is 100882 composite?
True
Is 20005 a composite number?
True
Is 4193 composite?
True
Is 8161 prime?
True
Is 75913 a composite number?
False
Is 2406767 composite?
True
Is 2173 prime?
False
Is 20681 a composite number?
False
Is 55763 prime?
True
Is 814487 composite?
True
Is 10405 a prime number?
False
Is 27271 prime?
True
Is 18237 a composite number?
True
Is 113437 a prime number?
True
Is 99329 a composite number?
True
Is 11777 composite?
False
Is 650861 composite?
False
Is 13811 a prime number?
False
Is 122017 a composite number?
True
Is 147137 a prime number?
True
Is 8882 composite?
True
Is 821897 a composite number?
False
Is 78499 a composite number?
True
Is 4049 a composite number?
False
Is 50213 composite?
True
Is 70867 prime?
True
Is 10367 prime?
False
Is 78137 composite?
False
Is 3128623 a prime number?
True
Is 3389 a composite number?
False
Is 59 a composite number?
False
Is 12531 a prime number?
False
Is 1543 a prime number?
True
Is 17593 a prime number?
False
Is 438245 a prime number?
False
Is 147217 a prime number?
False
Is 1693 composite?
False
Is 33541 a prime number?
False
Is 24733 composite?
False
Is 32677 a prime number?
False
Is 59183 a composite number?
False
Is 6197 a composite number?
False
Is 41077 a prime number?
True
Is 14431 composite?
False
Is 16519 a composite number?
False
Is 26407 a prime number?
True
Is 733 a composite number?
False
Is 5266 prime?
False
Is 16279 a composite number?
True
Is 576119 a composite number?
False
Is 8419 a composite number?
False
Is 1563389 prime?
True
Is 179021 prime?
True
Is 5479 a composite number?
False
Is 220669 a composite number?
True
Is 450691 prime?
True
Is 96289 prime?
True
Is 16381 a prime number?
True
Is 2861 prime?
True
Is 40259 prime?
False
Is 271531 composite?
True
Is 62459 a composite number?
False
Is 58291 a prime number?
False
Is 355193 prime?
True
Is 1006769 a prime number?
True
Is 62367 a composite number?
True
Is 19409 a prime number?
False
Is 28463 composite?
False
Is 131671 a composite number?
False
Is 401771 composite?
False
Is 18329 a composite number?
False
Is 910057 composite?
True
Is 379286 a composite number?
True
Is 138139 a prime number?
True
Is 58202 prime?
False
Is 244939 composite?
False
Is 3407873 a composite number?
True
Is 72367 prime?
True
Is 26293 composite?
False
Is 36902 prime?
False
Is 639953 a composite number?
True
Is 57037 prime?
True
Is 7279 a composite number?
True
Is 48053 composite?
True
Is 9745 a composite number?
True
Is 3433 a prime number?
True
Is 7871 prime?
False
Is 3607 prime?
True
Is 271597 prime?
True
Is 38693 prime?
True
Is 114697 a prime number?
False
Is 4392571 a composite number?
False
Is 207409 a prime number?
True
Is 631 a composite number?
False
Is 9781 prime?
True
Is 154981 composite?
False
Is 681521 a composite number?
False
Is 11851 prime?
False
Is 212987 composite?
False
Is 52477 a prime number?
False
Is 21703 a prime number?
False
Is 561257 a composite number?
True
Is 12781 a prime number?
True
Is 6101 composite?
False
Is 19039 a composite number?
True
Is 7631 composite?
True
Is 229937 prime?
True
Is 5536345 a composite number?
True
Is 3877 prime?
True
Is 10261 a prime number?
False
Is 270415 composite?
True
Is 188753 composite?
False
Is 219221 prime?
False
Is 1341779 a prime number?
True
Is 7283 a composite number?
False
Is 16493 prime?
True
Is 6599 composite?
False
Is 90887 composite?
False
Is 686137 composite?
True
Is 596306 a prime number?
False
Is 799231 composite?
True
Is 24943 a composite number?
False
Is 256915 prime?
False
Is 58309 prime?
True
Is 17194 prime?
False
Is 85297 composite?
False
Is 16441 prime?
False
Is 229165 a composite number?
True
Is 4197 prime?
False
Is 651629 composite?
True
Is 771127 a composite number?
True
Is 908429 prime?
False
Is 77681 a composite number?
False
Is 335605 composite?
True
Is 3221 composite?
False
Is 49303 a composite number?
True
Is 61885 a prime number?
False
Is 1841 prime?
False
Is 4751 composite?
False
Is 82157 prime?
False
Is 1293 a prime number?
False
Is 3809 composite?
True
Is 16349 composite?
False
Is 19631 composite?
True
Is 1014203 prime?
False
Is 2423851 composite?
False
Is 22471 a prime number?
False
Is 471521 a composite number?
False
Is 135637 composite?
False
Is 196067 a composite number?
True
Is 105637 prime?
False
Is 375731 a prime number?
False
Is 53479 composite?
False
Is 214627 a prime number?
False
Is 4460699 prime?
True
Is 915961 a composite number?
False
Is 470657 composite?
True
Is 3180101 a prime number?
True
Is 23367 composite?
True
Is 117539 a composite number?
False
Is 542785 prime?
False
Is 144583 a composite number?
False
Is 28009 composite?
True
Is 11671 a composite number?
True
Is 95597 prime?
True
Is 81386 a prime number?
False
Is 10771 composite?
False
Is 26137 prime?
False
Is 62851 composite?
False
Is 417827 composite?
True
Is 37403 composite?
True
Is 541 composite?
False
Is 255691 composite?
True
Is 1659691 a prime number?
False
Is 10589 composite?
False
Is 27933 a composite number?
True
Is 6857 prime?
True
Is 9143 a composite number?
True
Is 189127 a composite number?
False
Is 99961 a composite number?
False
Is 56669 composite?
True
Is 888805 a composite number?
True
Is 677477 a prime number?
False
Is 4831 prime?
True
Is 413411 composite?
False
Is 20819 composite?
True
Is 746743 a composite number?
False
Is 170206 composite?
True
Is 489029 a composite number?
True
Is 909371 prime?
True
Is 16217 a prime number?
True
Is 22947 composite?
True
Is 326 composite?
True
Is 161765 prime?
False
Is 196617 composite?
True
Is 73649 composite?
True
Is 11555 a composite number?
True
Is 51955 prime?
False
Is 4367 a composite number?
True
Is 179519 a composite number?
False
Is 40739 composite?
False
Is 23354 a composite number?
True
Is 7283 composite?
False
Is 39331 prime?
False
Is 113063 a composite number?
False
Is 528233 a prime number?
False
Is 105439 prime?
False
Is 68167 a prime number?
False
Is 223781 a composite number?
False
Is 178747 prime?
False
Is 15869 prime?
False
Is 30187 a composite number?
False
Is 4796617 composite?
True
Is 628289 a composite n